{"id":65,"date":"2018-03-31T21:31:47","date_gmt":"2018-03-31T19:31:47","guid":{"rendered":"http:\/\/kupaliskovrutky.sk\/?page_id=65"},"modified":"2024-09-02T16:27:20","modified_gmt":"2024-09-02T14:27:20","slug":"otvaracie-hodiny-2","status":"publish","type":"page","link":"https:\/\/kupaliskovrutky.sk\/?page_id=65","title":{"rendered":"Otv\u00e1racie hodiny"},"content":{"rendered":"<blockquote>\n<p style=\"text-align: center;\"><strong>Pondelok \u2013 Nede\u013ea :<br \/>\n<\/strong>od\u00a010:00 do 17:00 hod.<\/p>\n<\/blockquote>\n<hr \/>\n<p style=\"text-align: center;\"><strong>Rann\u00e9 kondi\u010dn\u00e9 pl\u00e1vanie:\u00a0<\/strong>(utorok, streda, piatok )<br \/>\nod 06:00 do 08:00 hod.<\/p>\n<p style=\"text-align: center;\"><strong>Ve\u010dern\u00e9 kondi\u010dn\u00e9 pl\u00e1vanie:<\/strong> (nede\u013ea)<br \/>\n<span style=\"color: #ff0000;\"><strong>od 19:00 do 20:00 hod.<\/strong><\/span><\/p>\n<hr \/>\n<p style=\"text-align: center;\"><span style=\"color: #ff0000;\"><strong>UPOZORNENIE:<\/strong><\/span><br \/>\nPrev\u00e1dzkovate\u013e m\u00f4\u017ee \u010das\u0165 baz\u00e9nu vyhradi\u0165 na tr\u00e9ning<br \/>\nalebo z\u00e1pas vodn\u00e9ho p\u00f3la.<\/p>\n","protected":false},"excerpt":{"rendered":"<p>Pondelok \u2013 Nede\u013ea : od\u00a010:00 do 17:00 hod. Rann\u00e9 kondi\u010dn\u00e9 pl\u00e1vanie:\u00a0(utorok, streda, piatok ) od 06:00 do 08:00 hod. Ve\u010dern\u00e9 kondi\u010dn\u00e9 pl\u00e1vanie: (nede\u013ea) od 19:00 do 20:00 hod. UPOZORNENIE: Prev\u00e1dzkovate\u013e m\u00f4\u017ee \u010das\u0165 baz\u00e9nu vyhradi\u0165 na tr\u00e9ning alebo z\u00e1pas vodn\u00e9ho p\u00f3la.<\/p>\n","protected":false},"author":1,"featured_media":0,"parent":0,"menu_order":0,"comment_status":"closed","ping_status":"closed","template":"","meta":{"_mi_skip_tracking":false,"_monsterinsights_sitenote_active":false,"_monsterinsights_sitenote_note":"","_monsterinsights_sitenote_category":0,"footnotes":""},"class_list":["post-65","page","type-page","status-publish","hentry"],"_links":{"self":[{"href":"https:\/\/kupaliskovrutky.sk\/index.php?rest_route=\/wp\/v2\/pages\/65","targetHints":{"allow":["GET"]}}],"collection":[{"href":"https:\/\/kupaliskovrutky.sk\/index.php?rest_route=\/wp\/v2\/pages"}],"about":[{"href":"https:\/\/kupaliskovrutky.sk\/index.php?rest_route=\/wp\/v2\/types\/page"}],"author":[{"embeddable":true,"href":"https:\/\/kupaliskovrutky.sk\/index.php?rest_route=\/wp\/v2\/users\/1"}],"replies":[{"embeddable":true,"href":"https:\/\/kupaliskovrutky.sk\/index.php?rest_route=%2Fwp%2Fv2%2Fcomments&post=65"}],"version-history":[{"count":5,"href":"https:\/\/kupaliskovrutky.sk\/index.php?rest_route=\/wp\/v2\/pages\/65\/revisions"}],"predecessor-version":[{"id":519,"href":"https:\/\/kupaliskovrutky.sk\/index.php?rest_route=\/wp\/v2\/pages\/65\/revisions\/519"}],"wp:attachment":[{"href":"https:\/\/kupaliskovrutky.sk\/index.php?rest_route=%2Fwp%2Fv2%2Fmedia&parent=65"}],"curies":[{"name":"wp","href":"https:\/\/api.w.org\/{rel}","templated":true}]}}